der when 91 is divided by p(-17).
19
Let w = 87 - 83. Suppose 5*k = b + w*b + 45, 2*k - 20 = 4*b. Calculate the remainder when 46 is divided by k.
6
Let r = 20 - -38. Suppose 0 = 3*c - 14 - r. Let t(g) = 103*g - 8. What is the remainder when t(1) is divided by c?
23
Suppose 17*p = 16*p + 167. What is the remainder when p is divided by 21?
20
Let t = 1763 + -1748. Let h(z) = -14*z**3 - 2*z. Let b be h(2). Let c = -59 - b. What is the remainder when c is divided by t?
12
Let r(k) = k**3 - 7*k**2 + 2*k + 6. Let v be r(6). Calculate the remainder when (-9)/v*2*31 is divided by 18.
13
Let r(a) = a**2 + 10*a - 1. Let v be r(-11). Suppose v = 2*s, -4*s + 3*s - 16 = -c. What is the remainder when 40 is divided by c?
19
Suppose x - 4*b = -0*b + 95, 0 = 4*x + 4*b - 420. Let h = -41 - -54. Calculate the remainder when x is divided by h.
12
Let t be 305 + (2 - 0)*-1. Let y = -194 + t. Let v = y - 58. What is the remainder when v is divided by 26?
25
Let y be 14/70 - (-38)/10 - -188. Suppose 8*c - 14*c + y = 0. Calculate the remainder when c is divided by 7.
4
Let j(g) = -2*g**3 + 2*g**2 + g - 1. Let h be (15/10)/(1/6). Calculate the remainder when 362/h - 4/18 is divided by j(-2).
19
Suppose 3*c = -4 + 55. Let j(f) = f**2 + 2*f - 1. Let b(k) = 2*k**2 + 12*k + 16. Let i(s) = -b(s) + j(s). Calculate the remainder when c is divided by i(-6).
3
Suppose 1242 - 912 = 6*p. What is the remainder when 113 is divided by p?
3
Let r be 292/24 - 3/18. Suppose 0 = -5*i + 343 + r. Suppose -6*y + y = -120. Calculate the remainder when i is divided by y.
23
Suppose 21*t - 19*t + 3*b - 349 = 0, -5*t + 935 = -5*b. Calculate the remainder when t is divided by 56.
14
Let m = 268 - 235. What is the remainder when 55 is divided by m?
22
Suppose 69*g = 28262 - 5561. What is the remainder when g is divided by 67?
61
Let n be (-4)/6 + (-63)/27. Let w be n + 10 + 8/(-2). What is the remainder when 8 is divided by -4 - -4 - -1*w?
2
Suppose 0 = 9*b - 655 + 151. Calculate the remainder when 384 is divided by b.
48
Calculate the remainder when (1 + -2)*(55 + -137) is divided by 46.
36
Let b(l) be the first derivative of -l**2/2 - 10*l + 7. Let o be b(-3). Let s(h) = -h**3 - 8*h**2 - 9*h - 1. What is the remainder when s(o) is divided by 7?
6
Let w(k) = k**3 - 8*k**2 + 2*k + 3. Let u be w(7). Let y = 34 + u. Suppose -y = -q - q. Calculate the remainder when 2 is divided by q.
0
Let u(y) = y - 1. Let g(c) = 8*c - 12. Let k(p) = g(p) - 6*u(p). Suppose 16*x = 18*x - 2. Calculate the remainder when k(4) is divided by x.
0
Let f(v) = 2*v**2 - 12*v. Let r be f(8). Suppose -3*j + 5*c - 4*c = -r, -4*j + 56 = 2*c. What is the remainder when (77 + -20)/((-1)/(-1)) is divided by j?
9
Suppose -5*f + 3*n + 155 = 0, 3*f + 3*n - 103 = -10. What is the remainder when f is divided by 11?
9
Let o(d) = 2*d**2 - 3*d - 11. Let y be o(3). Let h(w) = -w**3 - 5*w**2 - 8*w + 1. Calculate the remainder when 38 is divided by h(y).
3
Suppose -4*q = -s + 56, -6*s + 7*s = -5*q + 74. Calculate the remainder when 636 is divided by s.
60
Let r = 608 - 383. Let t = -122 + r. What is the remainder when t is divided by 26?
25
Let m = 1140 - 601. Calculate the remainder when m is divided by 20.
19
Let i = -69 + 26. Let g = 65 + i. Calculate the remainder when 42 is divided by g.
20
Let m = 518 + 246. What is the remainder when m is divided by 85?
84
Let b(t) = -t**3 + 10*t**2 - 9*t - 10. Let k be b(9). Calculate the remainder when -25*((-22)/k - 3) is divided by 7.
6
Suppose -17*f = -202 - 240. Suppose -161 = -2*j - 61. Calculate the remainder when j is divided by f.
24
Let x(y) = -17*y - 4. Let m = 20 + 163. Calculate the remainder when m is divided by x(-3).
42
Suppose 2*x + 0*x - 120 = 0. Calculate the remainder when x is divided by (-120)/(-80) - 2/(-4)*29.
12
Suppose 0*f = -8*f + 1432. Calculate the remainder when f is divided by 21.
11
Suppose -157*f + 147*f + 1580 = 0. Calculate the remainder when f is divided by 11.
4
Suppose 8*f - 342 = 2*f. Suppose -5*h = -2*l + 16, 0*h = 3*l + 2*h - 43. Let y = l - -2. What is the remainder when f is divided by y?
12
Suppose -2*m - 63 = -53, 2*q = -2*m + 22. Calculate the remainder when 23 is divided by q.
7
Suppose t = -5*w + 30, 5*w = 3*t + 10*w - 130. Let s = 26 + -13. What is the remainder when t is divided by s?
11
Suppose 3*i = 5*c - 22 + 839, 0 = 5*i - 2*c - 1368. Calculate the remainder when i is divided by 40.
34
Suppose 3*m - 6*m - 30 = 0. Let d = 38 + m. Calculate the remainder when 55 is divided by d.
27
Let w = -262 - -274. Calculate the remainder when 55 is divided by w.
7
Let r(d) = -3*d**3 + d**2 + 2*d + 1. Suppose 5*j = j + 32. Let w = j - -3. Calculate the remainder when w is divided by r(-1).
2
Suppose 4*i - 2*r = 276, -2*i + 4*r + 146 = -r. Suppose 0*f + 5*y = 3*f - 69, 4*y = -4*f + 92. Calculate the remainder when i is divided by f.
22
Let u(h) be the third derivative of -1/120*h**6 - 1/8*h**4 - 7*h**2 - 7/30*h**5 + 0*h + 0 - 1/6*h**3. What is the remainder when u(-14) is divided by 21?
20
Let i = -130 + 1135. Calculate the remainder when (1/3)/(5/i) is divided by 35.
32
Suppose 76*w - 79*w = -66. What is the remainder when 141 is divided by w?
9
Let q = 1031 + -945. What is the remainder when q is divided by ((-46)/1)/(-2 - 0)?
17
Let y(i) = 3*i**2 - 2*i + 1. Let b(p) = -16*p + 1032. What is the remainder when b(57) is divided by y(4)?
38
Let s(b) = 2*b**2 - 33*b - 39. Calculate the remainder when 115 is divided by s(18).
10
Suppose -90 = 8*p - 13*p. Let w = p - -3. Let d = 55 - w. Calculate the remainder when d is divided by 6.
4
Let s be ((-18)/4 - -2)*-4. What is the remainder when 6*3*22/12 is divided by (0/4 - -2) + s?
9
Suppose -383*c + 379*c = -748. What is the remainder when c is divided by 38?
35
Suppose 0 = 2*z + 2, 4*f - 5*z - 49 = 0. Let s = f + -10. What is the remainder when 38 is divided by 0/3 + 9 + s?
8
Suppose 126 = -3*n - 63. Let x = n - -155. Calculate the remainder when x is divided by 19.
16
Let m = 297 - 143. Suppose -10 + m = 4*f. Let k = f + 41. What is the remainder when k is divided by 20?
17
Suppose 2*z - 8 = 0, 21*u + 27 = 22*u + 3*z. What is the remainder when 163 is divided by u?
13
Let t(z) = -5*z**3 + 3*z**2 + z + 1. Let p(a) = -4*a. Let h be p(-8). Suppose h = -4*r + 140. What is the remainder when t(-2) is divided by r?
24
Let s(l) = l + 8. Let w be s(-17). What is the remainder when (-978)/w - 16/(-12) is divided by 14?
12
Calculate the remainder when 42 is divided by 2 + 44/11 + 17.
19
Let s = 219 - 92. What is the remainder when s is divided by 22?
17
Let x(m) = 2*m**2 - 59*m + 239. Calculate the remainder when 107 is divided by x(4).
2
Suppose -5*y = -10 - 105. Let f(q) = -3*q - 7. What is the remainder when y is divided by f(-4)?
3
Let g(j) = 103*j**3 + 2*j**2 - 3*j + 1. Let a be g(1). Let q = a + -73. What is the remainder when q is divided by 11?
8
Suppose -3*f - f - 3*c + 95 = 0, 85 = 5*f - 3*c. Calculate the remainder when (-2)/8 - (-585)/f is divided by 11.
7
Suppose 258 = 6*g + 36. Calculate the remainder when 118 is divided by g.
7
Let t(n) = 18*n - 2. Suppose -3*w - w + 26 = 5*g, 0 = 4*g - 4*w + 8. Calculate the remainder when t(g) is divided by 12*(-2 - 1*-3).
10
Let c(l) = -l**3 - 4*l**2 + 4*l + 5. Let i be 7/14*(-16 - 0). Let g be 3/4 - (-46)/i. What is the remainder when 28 is divided by c(g)?
8
Let r = 741 - 731. Suppose 3*c = -0*z - 4*z + 146, 5*z + 4*c - 182 = 0. What is the remainder when z is divided by r?
8
Let v = 199 - 191. Suppose 0 = -2*l - 2*l + 3*o + 125, 0 = 3*l + 5*o - 72. Calculate the remainder when l is divided by v.
5
Let s = -164 + 168. What is the remainder when 6 is divided by (-2 - -2 - 1) + s?
0
Let d = -39 + 55. Let t(y) = y**3 - 9*y**2 + 2*y + 12. Suppose 2*n + 5*j - 3 = 0, -2*j = n - 7*j - 24. What is the remainder when t(n) is divided by d?
14
Let z be 8/(-52) - (-186)/(-52)*-2. Calculate the remainder when 9 is divided by 119/49 + 4/z.
0
Suppose 755 = 15*u + 5. What is the remainder when 296 is divided by u?
46
Calculate the remainder when (28/3 + -8)/((-4)/(-531)) is divided by 37.
29
Let w(b) be the first derivative of 10*b**3/3 + b**2/2 + b - 1. Let o be (-1)/(-3) - (-4)/(-3). Calculate the remainder when w(o) is divided by 6.
4
Let s(x) = -x**3 + 2*x**2 + x + 4. Let o b